composite?
False
Is 946039 a composite number?
True
Is 2614403 prime?
False
Is 15013 a composite number?
False
Is 2359 prime?
False
Is 809035 prime?
False
Is 129043 prime?
False
Is 4049 prime?
True
Is 146359 a prime number?
True
Is 5207 a composite number?
True
Is 8717 a composite number?
True
Is 1807539 a composite number?
True
Is 227383 prime?
False
Is 31121 a composite number?
False
Is 159287 prime?
True
Is 642281 composite?
False
Is 162991 a composite number?
True
Is 55741 a composite number?
True
Is 9983 prime?
False
Is 94321 a prime number?
True
Is 526259 prime?
False
Is 98795 composite?
True
Is 787 prime?
True
Is 1520879 a composite number?
False
Is 540343 prime?
True
Is 2776307 prime?
False
Is 3809 composite?
True
Is 18881 composite?
True
Is 278 a prime number?
False
Is 39659 composite?
False
Is 2971 prime?
True
Is 2210173 composite?
True
Is 287 prime?
False
Is 34273 composite?
False
Is 436249 prime?
False
Is 877 a prime number?
True
Is 127393 a prime number?
False
Is 1735361 composite?
False
Is 1733 a prime number?
True
Is 21103 a prime number?
False
Is 7151 prime?
True
Is 4513 prime?
True
Is 43921 composite?
True
Is 195791 a composite number?
False
Is 84646 composite?
True
Is 28651 a composite number?
True
Is 4145 a composite number?
True
Is 2502818 composite?
True
Is 10247 prime?
True
Is 17282 a prime number?
False
Is 30773 prime?
True
Is 5923 prime?
True
Is 3985 a composite number?
True
Is 521447 a composite number?
False
Is 502277 prime?
True
Is 3959 composite?
True
Is 63097 a prime number?
True
Is 213377 a prime number?
False
Is 1339717 prime?
False
Is 1399 prime?
True
Is 1741 a composite number?
False
Is 65789 prime?
True
Is 969227 a composite number?
True
Is 76745 a prime number?
False
Is 663941 a composite number?
True
Is 6499 composite?
True
Is 6119 a composite number?
True
Is 136663 a prime number?
False
Is 3433 a composite number?
False
Is 1120513 composite?
False
Is 458197 a composite number?
False
Is 90947 prime?
True
Is 517993 prime?
False
Is 2897 a composite number?
False
Is 133823 composite?
True
Is 187849 a composite number?
True
Is 208951 a composite number?
True
Is 60073 prime?
False
Is 15091 composite?
False
Is 192467 prime?
False
Is 10371 composite?
True
Is 17571 a prime number?
False
Is 686195 prime?
False
Is 41473 prime?
False
Is 1890007 a composite number?
True
Is 79441 composite?
True
Is 12587 a prime number?
False
Is 3967 prime?
True
Is 30029 prime?
True
Is 901691 prime?
False
Is 135559 a composite number?
False
Is 35227 a prime number?
True
Is 7621 composite?
False
Is 13539 composite?
True
Is 16673 prime?
True
Is 24595 composite?
True
Is 39359 composite?
False
Is 14095 a composite number?
True
Is 2599 composite?
True
Is 2701 composite?
True
Is 60683 a prime number?
False
Is 76649 prime?
True
Is 18958 prime?
False
Is 6467 a composite number?
True
Is 269341 a composite number?
False
Is 8681 a prime number?
True
Is 541469 composite?
False
Is 2781731 composite?
False
Is 8503 prime?
False
Is 919 a prime number?
True
Is 6299 prime?
True
Is 708494 a composite number?
True
Is 366455 prime?
False
Is 2813867 a prime number?
False
Is 158477 a prime number?
False
Is 58337 prime?
True
Is 42983 a composite number?
True
Is 431479 a composite number?
False
Is 6007 prime?
True
Is 16667 a prime number?
False
Is 7993 composite?
False
Is 743137 prime?
True
Is 358811 a composite number?
False
Is 80917 prime?
True
Is 102478 a prime number?
False
Is 536051 a prime number?
True
Is 814713 composite?
True
Is 1610129 a prime number?
False
Is 7661 prime?
False
Is 737 a composite number?
True
Is 40277 a prime number?
True
Is 1752761 composite?
True
Is 583337 prime?
True
Is 1040587 prime?
False
Is 298999 prime?
True
Is 7807 a composite number?
True
Is 390395 a composite number?
True
Is 1541777 a prime number?
False
Is 765649 composite?
False
Is 1125781 prime?
False
Is 24733 prime?
True
Is 9151 a composite number?
False
Is 913 composite?
True
Is 7679 a composite number?
True
Is 8261 prime?
False
Is 418763 a prime number?
True
Is 14519 a composite number?
False
Is 58013 composite?
False
Is 1361 a prime number?
True
Is 153421 composite?
False
Is 722767 a composite number?
True
Is 342037 composite?
False
Is 121387 prime?
False
Is 261217 composite?
True
Is 6401 a prime number?
False
Is 140909 a prime number?
True
Is 65613 a composite number?
True
Is 10453 a composite number?
False
Is 4367 prime?
False
Is 565739 composite?
True
Is 893653 prime?
True
Is 2386 a prime number?
False
Is 4694 a composite number?
True
Is 32845 a composite number?
True
Is 641 a prime number?
True
Is 2819 a composite number?
False
Is 194843 a prime number?
False
Is 185441 prime?
True
Is 478694 a prime number?
False
Is 553171 composite?
False
Is 2004293 a prime number?
True
Is 190262 a composite number?
True
Is 55529 composite?
False
Is 1171 a composite number?
False
Is 39747 prime?
False
Is 242021 composite?
True
Is 3044869 a composite number?
True
Is 61449 a composite number?
True
Is 205385 a prime number?
False
Is 335657 composite?
True
Is 178319 composite?
True
Is 7441187 a prime number?
False
Is 10049 a prime number?
False
Is 6197 composite?
False
Is 35761 a composite number?
True
Is 186137 a prime number?
False
Is 696181 a composite number?
False
Is 280373 a prime number?
True
Is 62963 composite?
True
Is 132283 a prime number?
True
Is 17317 prime?
True
Is 33778 composite?
True
Is 8501 prime?
True
Is 17414 composite?
True
Is 31357 a composite number?
False
Is 380707 prime?
True
Is 259279 prime?
False
Is 249127 a composite number?
False
Is 529613 a prime number?
False
Is 14621 prime?
True
Is 177761 composite?
False
Is 31051 a composite number?
False
Is 2507 composite?
True
Is 605789 a prime number?
True
Is 16721 a composite number?
True
Is 31109 a prime number?
False
Is 170453 composite?
True
Is 233009 a composite number?
True
Is 2824149 a prime number?
False
Is 8999 composite?
False
Is 37397 prime?
True
Is 10427 a composite number?
False
Is 34913 composite?
False
Is 484717 prime?
False
Is 267829 a composite number?
False
Is 21883 composite?
True
Is 93307 prime?
True
Is 13649 composite?
False
Is 2371 a prime number?
True
Is 923399 prime?
True
Is 118517 a composite number?
True
Is 21557 a prime number?
True
Is 105439 prime?
False
Is 115147 prime?
False
Is 30697 composite?
False
Is 308213 prime?
True
Is 11549 a composite number?
False
Is 5219 prime?
False
Is 5381 a prime number?
True
Is 1757 a prime number?
False
Is 30523 composite?
True
Is 1801 a prime number?
True
Is 52613 a composite number?
True
Is 2231 composite?
True
Is 56197 a prime number?
True
Is 28651 composite?
True
Is 73079 prime?
True
Is 2005261 prime?
True
Is 27359 a prime number?
False
Is 35439 a prime number?
False
Is 854809 a composite number?
True
Is 169739 a prime number?
False
Is 49613 prime?
True
Is 7517 prime?
True
Is 117091 a composite number?
True
Is 531793 composite?
False
Is 557965 a composite number?
True
Is 446 composite?
True
Is 551557 prime?
True
Is 16183 a prime number?
True
Is 24607 a prime number?
False
Is 1361 prime?
True
Is 28321 composite?
True
Is 5147 composite?
False
Is 107713 prime?
True
Is 240211 prime?
False
Is 860861 prime?
True
Is 199931 a composite number?
False
Is 77761 a composite number?
False
Is 10783 composite?
True
Is 124277 composite?
False
Is 193541 a prime number?
True
Is 24359 a prime number?
True
Is 5981 prime?
True
Is 91855 a prime number?
False
Is 50669 prime?
False
Is 465098 prime?
False
Is 307 a composite number?
False
Is 4097 a prime number?
False
Is 36149 a prime number?
False
Is 135293 a prime number?
False
Is 44663 prime?
False
Is 21883 composite?
True
Is 485597 prime?
False
Is 8147 a prime number?
True
Is 64705 prime?
False
Is 13367 a composite number?
False
Is 17747 prime?
True
Is 21737 prime?
True
Is 29059 composite?
False
Is 29989 a prime number?
True
Is 5509 a composite number?
True
Is 8353 composite?
False
Is 27731 a composite number?
True
Is 184421 prime?
False
Is 32027 a composite number?
False
Is 25841 prime?
True
Is 147253 a composite number?
False
Is 2920501 a composite number?
False
Is 112394 composite?
True
Is 26797 a prime number?
False
Is 7751 prime?
False
Is 75817 a composite number?
True
Is 20779 a prime number?
False
Is 1019791 a pri